2 + 5 + v. Give n(-1).
9
Let d(f) = -f**2 + f + 4. Suppose 2*k + 7*k + 54 = 0. Let v be (k/(-18))/(3/(-18)) + -3. What is d(v)?
-26
Let j(s) be the third derivative of -s**5/120 - 3*s**4/4 + 61*s**3/3 - 42*s**2. Let i(d) be the first derivative of j(d). Determine i(-16).
-2
Let c(g) = 32*g**3 - 15*g**2 - 19*g + 15. Let d(n) = 13*n**3 - 7*n**2 - 9*n + 6. Let l(s) = -2*c(s) + 5*d(s). Calculate l(5).
-35
Let v(f) = -f**3 + f**2 + 2*f + 4. Let y = 688 - 693. Let z(s) = s**2 + 11*s + 33. Let g be z(y). What is v(g)?
-8
Let c(z) be the first derivative of -z**3/3 - z**2/2 + 11*z - 2442. Let f(i) = i + 10. Let o be f(-10). What is c(o)?
11
Let f be (-6)/(-8)*-4 - (-4 + 4/(-1)). Let g(q) = 247*q - 1238. What is g(f)?
-3
Let s(b) = 5*b**2 - 15*b - 40. Let x(d) = -9*d**2 + 27*d + 79. Let k(h) = 7*s(h) + 4*x(h). Determine k(8).
-4
Suppose 0 = -6*n + 2*n. Let l(f) = -23*f + 700. Let t be l(30). Suppose n = 4*d - 8, 2*d = -5*g + 6*g + t. Let r(k) = 2*k + 9. Calculate r(g).
-3
Let r(n) = 21*n**2 + 105*n - 4. Suppose -210*o + 562 = 1612. Calculate r(o).
-4
Let w(t) = -t + 21. Suppose 0 = -23*i + 40*i - 34. Suppose 0 = -4*g - 6*k + i*k + 4, 0 = 2*g - 5*k + 5. Determine w(g).
21
Let n = -190 - -208. Suppose -n*a = -22*a - 12. Let q(o) be the first derivative of 3*o**2 - 4*o - 7. Determine q(a).
-22
Let o(y) be the third derivative of -y**6/120 + y**4/2 - y**3/6 + 141*y**2. Let z(m) be the second derivative of o(m). Determine z(-2).
12
Let c(o) = -1033 + 173*o + 1017 - 180*o. Determine c(-2).
-2
Let o(i) = 2*i**2 - 19*i + 10. Let p = 71 - 62. Let b be o(p). Let v(k) = 11*k - b - 22*k + 12*k. Calculate v(-5).
-6
Let p(w) = w + 2. Let i = -581 + 577. Let y be 77/(-44)*i*(1 - 0). Determine p(y).
9
Let a(f) = -23*f - 10 + 8*f + 3 - 35*f**3 + 17*f**2 - 2 + 34*f**3. Give a(16).
7
Suppose -35 = 5*l - 0*l, 0 = -5*p - 4*l - 33. Let v(b) = b - 15. Give v(p).
-16
Let h(d) = -d**2 + 11*d - 3. Let n(k) be the first derivative of k**4/4 + 5*k**3/3 - 7*k**2/2 - 20*k + 47. Let v be n(-2). Determine h(v).
27
Let m be (-48)/(-4 - 2) - 6. Let w(v) = 5*v**2 - 21*v**3 + 4*v + m + 22*v**3 - v**2. Give w(-2).
2
Let b(j) be the first derivative of 3*j**4/4 + j**3/3 - 2*j**2 + 3*j - 9758. Determine b(2).
23
Let z = -82 - -102. Suppose 5*g + 5*x = 30, -g + z = 3*x + 8. Let b(m) = -7*m - 2. What is b(g)?
-23
Let l(t) = -3*t - 8. Let i(b) = b - 3. Let z = 183 - 181. Let f(p) = z*i(p) - l(p). Determine f(3).
17
Let f(c) = 2*c**2 + 5*c + 2. Suppose 5*h - 15 = 2*h. Suppose 0 = h*o - 5 + 25. Give f(o).
14
Suppose 120 - 260 = 100*m + 160. Let y(k) = k**3 + 2*k**2 - k. Give y(m).
-6
Let a(i) = -i**3 + 6*i**2 - 6*i + 7. Let y(s) = -326*s**2 + 648*s**2 - 325*s**2 - s**3 + 0 - 3 - 6*s. Let p be y(-2). What is a(p)?
2
Let i(p) = -p**3 + 13*p**2 - 5*p - 18. Let s be i(12). Let l = -152 + s. Let z = -88 - l. Let k(j) = j**3 + 2*j**2 + 2*j - 1. Determine k(z).
-5
Suppose -w = -r - 72, -4*w + 3*w = 3*r - 64. Let a = -71 + w. Let p(f) = 10*f**2 - 3*f - 2. What is p(a)?
11
Let d(x) = x**3 + 7*x**2 + 6*x - 16. Suppose 0 = -31*j - 73 - 51. Let a be d(j). Let i(f) = 2*f**2 - 13*f + 8. Calculate i(a).
32
Suppose 138 = 3*i + 162. Let y(o) = -3*o. Let q(h) = -2*h. Let j(u) = i*q(u) + 5*y(u). Determine j(5).
5
Let i(y) be the first derivative of y**3/3 + 21*y**2 + 45*y + 4668. Determine i(-41).
4
Suppose -9 = -3*k + 9. Suppose 5*u + 504 = -3*h, u - k*h = -h - 112. Let b = -102 - u. Let x(s) = s - 3. What is x(b)?
-3
Let r(o) = 439*o - 88. Let f(m) = -80*m + 18. Let q(l) = 22*f(l) + 4*r(l). Calculate q(12).
-4
Let x(w) = -w - 7. Let r = -133 - -135. Let i be ((-84)/126)/(r/12). Determine x(i).
-3
Let z(k) be the second derivative of -k**4/12 - 3*k**3/2 + 39*k**2/2 + 19*k - 4. What is z(-11)?
17
Let j(b) = b**3 - b**2 - 5. Let z be 1*3 + 48/(1 + -4). Let d(p) = 5*p + 24. Let a be d(z). Let y = a - -41. What is j(y)?
-5
Let r(h) = 902*h. Let l = -430 - -424. Let s(k) = 29*k. Let u(o) = l*r(o) + 187*s(o). Let x(q) = -q**3 - 8*q**2 - 8*q - 5. Let j be x(-7). Calculate u(j).
22
Suppose 0 = 3*t - 50 - 1. Suppose -5*i + o - t = 0, -o = -0*o - 2. Let p(q) be the third derivative of q**4/8 + q**3/2 + 13*q**2 - 18*q + 20. Determine p(i).
-6
Let l(w) be the third derivative of w**5/60 - w**3/6 - 2*w**2. Let h = 389 - 395. Let k(o) = 5*o**2 - o - 6. Let r(d) = h*l(d) + k(d). Give r(0).
0
Let k(m) = -m - 13. Let j be k(-4). Let z(d) = 4 + 101*d - 204*d - 2 + 55*d + 49*d. Determine z(j).
-7
Let m(l) = -113*l + 1 - 150*l + l**3 - 10*l**2 + 373*l - 93*l. Give m(8).
9
Let p(s) = -37*s**2 - 6*s + 12. Let t(z) = -53*z**2 - 9*z + 18. Let y(l) = -10*p(l) + 7*t(l). What is y(4)?
-22
Suppose 0*q - 2*q = -4*y + 188, 61 = y - 4*q. Let t = 38 - y. Let o = 3 + t. Let z(s) = -s + 1. Determine z(o).
5
Let u(g) be the first derivative of -g**3/3 + 5*g**2 + 4419. What is u(8)?
16
Let i(b) = -b**3 + 8*b**2 + 6*b + 3. Suppose 47*r - 50*r - 15 = 0. Let o(l) = 3*l**3 - 18*l**2 - 13*l - 7. Let v(a) = r*i(a) - 2*o(a). What is v(-3)?
2
Let x(g) = 2*g**2 + 13*g + 22. Let u(m) = m**3 - 10*m**2 - 12*m + 6. Let v be u(11). Calculate x(v).
7
Let h = 5903 - 5892. Let g(y) = y**2 - 11*y - 13. What is g(h)?
-13
Let u(s) = -7*s - 6. Suppose 0 = -5*b + 3*l + 119, 8*b - 9*b = l - 19. Let n = b - 27. What is u(n)?
29
Let y(r) = -22 + 12*r + 14*r + 39 - 27*r. Calculate y(16).
1
Suppose 3*t = 4*t + 1. Let u(d) = 40 - 13*d**2 + 34 - 243 + 38 - d + 132. Give u(t).
-11
Let b(t) = t + 8. Let w(n) = -2*n - 23. Let d = -493 + 486. Let v(r) = d*b(r) - 2*w(r). Calculate v(-9).
17
Let k = 76 - 67. Let l(y) be the first derivative of 10/3*y**3 - 1/4*y**4 + 28 - 4*y**2 - 8*y. Calculate l(k).
1
Let l(w) = -19*w + 270. Suppose -24*v - 429 = -765. Give l(v).
4
Suppose -152*q = -144*q + 24. Let z(p) = 6*p + 24. Determine z(q).
6
Suppose -5*g + 20 + 0 = 0, -5*v + 52 = 3*g. Let f(p) = p - 3. Let z(t) = -2. Let s(x) = v*z(x) - 5*f(x). Calculate s(3).
-16
Let h(a) = -5*a**2 - 156*a - 30. Let r be h(-31). Let m(f) be the second derivative of 0 + 4*f + 2*f**3 - 1/2*f**2. Give m(r).
11
Suppose -k + 47 = 5*c + 25, 4*k - c - 4 = 0. Let h(o) be the second derivative of -13*o + 0 + 0*o**k - 1/12*o**4 + 2/3*o**3. Give h(4).
0
Suppose -95 + 121 = -26*c. Let h(r) = -r**3 + r. What is h(c)?
0
Suppose -11 = 2*w - 3*o, 5*w = -0*w + 5*o - 15. Suppose 27 = -4*b + 3*k, w*b + 4*k = k - 27. Let f(v) = -v**3 - 9*v**2 - v - 12. Determine f(b).
-3
Let y(s) be the second derivative of 5*s**3/3 - 11*s**2/2 + 1065*s + 3. What is y(-8)?
-91
Suppose 5*d = -2*f + 24, 5*d - 4*d = -4. Suppose -20*m = 2*m - f. Let q(a) = 29*a + 4. Let o(l) = 7*l + 1. Let t(j) = -9*o(j) + 2*q(j). Calculate t(m).
-6
Let p = -38 - -43. Suppose -p*u = 8 - 43. Let f = u - 8. Let j(c) = -12*c. Calculate j(f).
12
Let p(o) = o - 3. Let d be -1 + (-56 + -3)*2/2. Let m be (3*(-5)/d)/((-1)/(-172)). Let t = 46 - m. Calculate p(t).
0
Suppose -4*m = -12, -3*j = -0*j + 4*m - 54. Let r(o) = o. What is r(j)?
14
Let c(n) = -27*n + 302. Suppose 73*w = -2*w + 825. Calculate c(w).
5
Let f = 6398 - 6390. Let u(o) = o**3 - 8*o**2 - 7*o + 11. What is u(f)?
-45
Let j(w) = -w**3 - 12*w**2 - 18*w - 40. Let k(c) = -3*c**3 - 35*c**2 - 52*c - 119. Let m(p) = -8*j(p) + 3*k(p). Determine m(-8).
-5
Let c(u) = 5*u - 58. Let f = -23112 + 23132. What is c(f)?
42
Let q(m) = 3*m - 2. Suppose 0 = -5*k + k + 4. Let z be q(k). Let t be 3*z/(-9) + (-17)/3. Let w(n) = -n + 3. What is w(t)?
9
Let m(r) = 4*r**2 - 10 - 33*r - r**2 + 8*r. Let i be m(9). Let u be -5 - (4 + (4 - i)). Let c(y) = -y**2 - 4*y - 1. Give c(u).
-6
Let s(a) = a**3 - 3*a**2 - a - 2. Let c(t) = -t**2 - 5*t - 5. Let r be c(-3). Suppose -6*x + 7 - r = 0. Suppose -3*h = -n - 14 - x, -3*h - n = -9. What is s(h)?
10
Let j(d) = -4*d**3 - 119*d**2 + 30*d + 4. Let r(w) = -13*w - 1473. Let u be r(-111). Calculate j(u).
4
Let m(b) = 3*b**2 - 6*b - 4. Let x(r) = -3*r**2 + 6*r + 5. Let f(o) = -6*m(o) - 5*x(o). Let h(w) = -w**2 + w + 1. Let u(s) = -f(s) + 4*h(s). Determine u(-5).
-10
Suppose 11*b = 2*b + 45. Suppose 48 = 4*n + 4*v, -74 + 17 = -4*n + b*v. Let t(r) = -r**2 + 15*r - 16. Calculate t(n).
10
Let l(f) = 8*f + 11. Let j(r) = -17*r - 24. Let v(k) = -5*k + 48. Let d be v(7). Let b(o) = d*l(o) + 6*j(o). What is b(-3)?
-7
Let y be ((-8)/(-4 - 0))/((-4)/48). Let g be ((-64)/y)/(4/3). Let d(j) = 2*j**3 + 2